{"id":26,"date":"2013-07-11T10:48:32","date_gmt":"2013-07-11T09:48:32","guid":{"rendered":"http:\/\/www.pressetaux.fr\/bethune\/?page_id=26"},"modified":"2024-10-01T08:09:34","modified_gmt":"2024-10-01T07:09:34","slug":"courtier-henin-et-carvin","status":"publish","type":"page","link":"https:\/\/pressetaux.fr\/bethune\/courtier-henin-et-carvin\/","title":{"rendered":"Courtier en cr\u00e9dit \u00e0 B\u00e9thune"},"content":{"rendered":"<p>[vc_row][vc_column offset=\u00a0\u00bbvc_hidden-sm vc_hidden-xs\u00a0\u00bb][vc_single_image image=\u00a0\u00bb728&Prime; img_size=\u00a0\u00bbfull\u00a0\u00bb alignment=\u00a0\u00bbcenter\u00a0\u00bb][\/vc_column][\/vc_row][vc_row][vc_column offset=\u00a0\u00bbvc_hidden-lg vc_hidden-md\u00a0\u00bb][vc_column_text]Votre\u00a0<strong>courtier<\/strong>\u00a0PresseTaux sur B\u00e9thune.[\/vc_column_text][\/vc_column][\/vc_row][vc_row][vc_column][vc_single_image image=\u00a0\u00bb597&Prime; img_size=\u00a0\u00bbfull\u00a0\u00bb alignment=\u00a0\u00bbcenter\u00a0\u00bb][\/vc_column][\/vc_row][vc_row][vc_column width=\u00a0\u00bb1\/2&Prime;][vc_single_image image=\u00a0\u00bb1199&Prime; img_size=\u00a0\u00bbfull\u00a0\u00bb][\/vc_column][vc_column width=\u00a0\u00bb1\/2&Prime;][vc_column_text]<a href=\"mailto:damien@pressetaux.fr\"><img loading=\"lazy\" class=\"size-full wp-image-2670 alignleft\" src=\"https:\/\/pressetaux.fr\/wp-content\/uploads\/2015\/04\/contacter-conseiller.png\" alt=\"contacter-conseiller\" width=\"350\" height=\"80\" \/><\/a>[\/vc_column_text][\/vc_column][\/vc_row][vc_row][vc_column offset=\u00a0\u00bbvc_hidden-sm vc_hidden-xs\u00a0\u00bb][vc_single_image image=\u00a0\u00bb2367&Prime; img_size=\u00a0\u00bbfull\u00a0\u00bb onclick=\u00a0\u00bbcustom_link\u00a0\u00bb link=\u00a0\u00bbhttps:\/\/pressetaux.fr\/bethune\/\u00a0\u00bb][\/vc_column][\/vc_row][vc_row el_class=\u00a0\u00bbmobile-only\u00a0\u00bb][vc_column offset=\u00a0\u00bbvc_hidden-lg vc_hidden-md\u00a0\u00bb el_class=\u00a0\u00bbcourtage\u00a0\u00bb][vc_column_text]<\/p>\n<h3>PRESSETAUX BETHUNE<\/h3>\n<p>SARL DL COM<br \/>\nN\u00b0 SIRET : 524 480 159 00036<br \/>\nCourtier ind\u00e9pendant immatricul\u00e9 \u00e0 l&rsquo;ORIAS N\u00b013004364<\/p>\n<p>Parc d&rsquo;Entreprises de l&rsquo;Horlogerie<br \/>\nrue de l&rsquo;Horlogerie BP 60011<br \/>\n62400 &#8211;\u00a0B\u00e9thune<br \/>\nPort. : 06 40 41 49 23[\/vc_column_text][vc_btn title=\u00a0\u00bbAppeler\u00a0\u00bb style=\u00a0\u00bbclassic\u00a0\u00bb color=\u00a0\u00bbblack\u00a0\u00bb align=\u00a0\u00bbcenter\u00a0\u00bb button_block=\u00a0\u00bbtrue\u00a0\u00bb link=\u00a0\u00bburl:tel%3A0640414923|||rel:nofollow\u00a0\u00bb][\/vc_column][\/vc_row][vc_row][vc_column][vc_single_image image=\u00a0\u00bb597&Prime; img_size=\u00a0\u00bbfull\u00a0\u00bb alignment=\u00a0\u00bbcenter\u00a0\u00bb][\/vc_column][\/vc_row][vc_row][vc_column][vc_column_text]<\/p>\n<p style=\"text-align: center;\"><strong>Damien Lagache, votre courtier en cr\u00e9dit \u00e0 B\u00e9thune &#8211; Lens.<\/strong><\/p>\n<p>[\/vc_column_text][\/vc_column][\/vc_row][vc_row][vc_column][vc_column_text]Implant\u00e9 depuis plus de 10 ans sur le Bassin Minier, je vous propose mes services dans le cadre de vos projets qui n\u00e9cessitent un besoin en financement.<\/p>\n<p>J\u2019assure une prise charge compl\u00e8te de votre dossier, c\u2019est \u00e0 dire de l\u2019\u00e9tude \u00e0 sa concr\u00e9tisation. A votre domicile ou \u00e0 notre bureau de B\u00e9thune, je vous propose un rendez-vous rapide et efficace afin de mettre toutes les chances de votre c\u00f4t\u00e9 pour r\u00e9aliser votre projet.<\/p>\n<h4>Je suis \u00e0 votre disposition pour diff\u00e9rents <strong>types de pr\u00eats<\/strong> :<\/h4>\n<p><strong>&#8211; Pr\u00eat immobilier :<\/strong>\u00a0Vous avez un projet immobilier ? Je\u00a0vous accompagne pour devenir propri\u00e9taire sereinement et au meilleur co\u00fbt&#8230;<br \/>\n<strong>&#8211; Ren\u00e9gociation de cr\u00e9dit :<\/strong>\u00a0Vous avez un emprunt immobilier en cours ? Obtenez des conditions de pr\u00eat plus avantageuses en r\u00e9duisant votre dur\u00e9e de cr\u00e9dit ou en all\u00e9geant votre mensualit\u00e9&#8230;<br \/>\n<strong>&#8211; Financement de travaux :<\/strong>\u00a0Vous souhaitez r\u00e9aliser des travaux\u2026<br \/>\n&#8211;\u00a0<strong>Regroupement de cr\u00e9dit :\u00a0<\/strong>Vous avez plusieurs cr\u00e9dits en cours, regrouper l&rsquo;ensemble de vos cr\u00e9dits en un seul afin de diminuer la mensualit\u00e9 globale et donner de l\u2019air \u00e0 votre budget.<br \/>\n<strong>&#8211; Pr\u00eat professionnel :\u00a0<\/strong>financement pour votre entreprise, aide \u00e0 la cr\u00e9ation de votre entreprise, d\u00e9veloppement de votre activit\u00e9, nos courtiers en cr\u00e9dit n\u00e9goci\u00e9 dans le\u00a0<b>Nord<\/b>\u00a0trouvent les meilleurs opportunit\u00e9s que vous soyez entrepreneur individuel, en soci\u00e9t\u00e9 (SARL, SAS, etc..) ou m\u00eame install\u00e9 en profession lib\u00e9rale.<\/p>\n<p>N\u2019h\u00e9sitez pas \u00e0 me contacter, que ce soit pour <a href=\"https:\/\/pressetaux.fr\/bethune\/etude-personnalisee\/\">une \u00e9tude de budget gratuite personnalis\u00e9e<\/a>, ou si vous avez d\u00e9j\u00e0 sign\u00e9, pour votre compromis.<\/p>\n<p>Damien Lagache au <a href=\"tel:0640414923\">06\u00a040 41 49 23<\/a>[\/vc_column_text][\/vc_column][\/vc_row][vc_row][vc_column][vc_column_text]Ils nous ont fait confiance, retrouvez leurs avis et t\u00e9moignages sur : <a href=\"https:\/\/www.google.fr\/search?q=PresseTaux+B%C3%A9thune&amp;client=safari&amp;source=hp&amp;ei=-j8vYuTlB8mdlwST2ISwDA&amp;iflsig=AHkkrS4AAAAAYi9OChthDtC6Vh6ap96wjsr3z70P7Mfh&amp;ved=0ahUKEwjkytnP18X2AhXJzoUKHRMsAcYQ4dUDCAo&amp;uact=5&amp;oq=PresseTaux+B%C3%A9thune&amp;gs_lcp=Cgdnd3Mtd2l6EAMyCwguEIAEEMcBEK8BOgsIABCABBCxAxCDAToRCC4QgAQQsQMQgwEQxwEQowI6DgguEIAEELEDEIMBENQCOg4ILhCABBCxAxDHARDRAzoICAAQgAQQsQM6CAgAELEDEIMBOgsILhCABBCxAxCDAToFCAAQgAQ6DgguEIAEELEDEMcBEKMCOg4ILhCxAxCDARDHARDRAzoICC4QgAQQsQM6CwgAELEDEIMBEMkDOgUILhCABDoOCAAQgAQQsQMQgwEQyQM6CggAEIAEEMkDEAo6BwgAEIAEEAo6CgguEMcBENEDEAo6BAgAEAo6BggAEBYQHlAAWNwcYIIfaABwAHgAgAHWAYgB6A-SAQY2LjEwLjKYAQCgAQE&amp;sclient=gws-wiz\" target=\"blank\" rel=\"noopener\">Google<\/a>, <a href=\"https:\/\/pressetaux.fr\/bethune\/category\/temoignagesblog\/\">Nos t\u00e9moignages<\/a> et <a href=\"https:\/\/www.facebook.com\/presse.tauxbethune?locale=fr_FR\" target=\"blank\" rel=\"noopener\">Facebook<\/a>[\/vc_column_text][\/vc_column][\/vc_row][vc_row][vc_column][vc_single_image image=\u00a0\u00bb597&Prime; img_size=\u00a0\u00bbfull\u00a0\u00bb alignment=\u00a0\u00bbcenter\u00a0\u00bb][\/vc_column][\/vc_row][vc_row][vc_column][vc_column_text]<\/p>\n<p style=\"text-align: center;\"><strong>Les diff\u00e9rentes zones d&rsquo;intervention de votre courtier :<\/strong><\/p>\n<p>[\/vc_column_text][\/vc_column][\/vc_row][vc_row][vc_column][vc_column_text]B\u00e9thune et environs[\/vc_column_text][vc_single_image image=\u00a0\u00bb1052&Prime; img_size=\u00a0\u00bbfull\u00a0\u00bb alignment=\u00a0\u00bbcenter\u00a0\u00bb onclick=\u00a0\u00bbcustom_link\u00a0\u00bb link=\u00a0\u00bbhttps:\/\/pressetaux.fr\/bethune\/zone-interventions-dl-com\u00a0\u00bb][\/vc_column][\/vc_row][vc_row][vc_column][vc_single_image image=\u00a0\u00bb597&Prime; img_size=\u00a0\u00bbfull\u00a0\u00bb alignment=\u00a0\u00bbcenter\u00a0\u00bb][\/vc_column][\/vc_row]<\/p>\n","protected":false},"excerpt":{"rendered":"<p>[vc_row][vc_column offset=\u00a0\u00bbvc_hidden-sm vc_hidden-xs\u00a0\u00bb][vc_single_image image=\u00a0\u00bb728&Prime; img_size=\u00a0\u00bbfull\u00a0\u00bb alignment=\u00a0\u00bbcenter\u00a0\u00bb][\/vc_column][\/vc_row][vc_row][vc_column offset=\u00a0\u00bbvc_hidden-lg vc_hidden-md\u00a0\u00bb][vc_column_text]Votre\u00a0courtier\u00a0PresseTaux sur B\u00e9thune.[\/vc_column_text][\/vc_column][\/vc_row][vc_row][vc_column][vc_single_image image=\u00a0\u00bb597&Prime; img_size=\u00a0\u00bbfull\u00a0\u00bb alignment=\u00a0\u00bbcenter\u00a0\u00bb][\/vc_column][\/vc_row][vc_row][vc_column width=\u00a0\u00bb1\/2&Prime;][vc_single_image image=\u00a0\u00bb1199&Prime; img_size=\u00a0\u00bbfull\u00a0\u00bb][\/vc_column][vc_column width=\u00a0\u00bb1\/2&Prime;][vc_column_text][\/vc_column_text][\/vc_column][\/vc_row][vc_row][vc_column offset=\u00a0\u00bbvc_hidden-sm vc_hidden-xs\u00a0\u00bb][vc_single_image image=\u00a0\u00bb2367&Prime; img_size=\u00a0\u00bbfull\u00a0\u00bb onclick=\u00a0\u00bbcustom_link\u00a0\u00bb link=\u00a0\u00bbhttps:\/\/pressetaux.fr\/bethune\/\u00a0\u00bb][\/vc_column][\/vc_row][vc_row el_class=\u00a0\u00bbmobile-only\u00a0\u00bb][vc_column offset=\u00a0\u00bbvc_hidden-lg vc_hidden-md\u00a0\u00bb el_class=\u00a0\u00bbcourtage\u00a0\u00bb][vc_column_text] PRESSETAUX BETHUNE SARL DL COM N\u00b0 SIRET : 524 480 159 00036 Courtier ind\u00e9pendant immatricul\u00e9 \u00e0 l&rsquo;ORIAS N\u00b013004364 Parc d&rsquo;Entreprises de l&rsquo;Horlogerie rue de l&rsquo;Horlogerie BP 60011 62400 &#8211;\u00a0B\u00e9thune Port. : 06 40 41 49 23[\/vc_column_text][vc_btn title=\u00a0\u00bbAppeler\u00a0\u00bb style=\u00a0\u00bbclassic\u00a0\u00bb color=\u00a0\u00bbblack\u00a0\u00bb align=\u00a0\u00bbcenter\u00a0\u00bb button_block=\u00a0\u00bbtrue\u00a0\u00bb link=\u00a0\u00bburl:tel%3A0640414923|||rel:nofollow\u00a0\u00bb][\/vc_column][\/vc_row][vc_row][vc_column][vc_single_image image=\u00a0\u00bb597&Prime; img_size=\u00a0\u00bbfull\u00a0\u00bb alignment=\u00a0\u00bbcenter\u00a0\u00bb][\/vc_column][\/vc_row][vc_row][vc_column][vc_column_text] Damien Lagache, votre courtier en cr\u00e9dit \u00e0 B\u00e9thune &#8211; Lens. [\/vc_column_text][\/vc_column][\/vc_row][vc_row][vc_column][vc_column_text]Implant\u00e9 depuis plus de 10 ans sur le Bassin Minier, je vous propose mes services dans le cadre de vos projets qui n\u00e9cessitent un besoin en financement. J\u2019assure une prise charge compl\u00e8te de votre dossier, c\u2019est \u00e0 dire de l\u2019\u00e9tude \u00e0 sa concr\u00e9tisation. A votre domicile ou \u00e0 notre bureau de B\u00e9thune, je vous propose un rendez-vous rapide et efficace afin de mettre toutes les chances de votre c\u00f4t\u00e9 pour r\u00e9aliser votre projet. Je suis \u00e0 votre disposition pour diff\u00e9rents types de pr\u00eats : &#8211; Pr\u00eat immobilier :\u00a0Vous avez un projet immobilier ? Je\u00a0vous accompagne pour devenir propri\u00e9taire sereinement et au meilleur co\u00fbt&#8230; &#8211; Ren\u00e9gociation de cr\u00e9dit :\u00a0Vous avez un emprunt immobilier en cours ? Obtenez des conditions de pr\u00eat plus avantageuses en r\u00e9duisant votre dur\u00e9e de cr\u00e9dit ou en all\u00e9geant votre mensualit\u00e9&#8230; &#8211; Financement de travaux :\u00a0Vous souhaitez r\u00e9aliser des travaux\u2026 &#8211;\u00a0Regroupement de cr\u00e9dit :\u00a0Vous avez plusieurs cr\u00e9dits en cours, regrouper l&rsquo;ensemble de vos cr\u00e9dits en un seul afin de diminuer la mensualit\u00e9 globale et donner de l\u2019air \u00e0 votre budget. &#8211; Pr\u00eat professionnel :\u00a0financement pour votre entreprise, aide \u00e0 la cr\u00e9ation de votre entreprise, d\u00e9veloppement de votre activit\u00e9, nos courtiers en cr\u00e9dit n\u00e9goci\u00e9 dans le\u00a0Nord\u00a0trouvent les meilleurs opportunit\u00e9s que vous soyez entrepreneur individuel, en soci\u00e9t\u00e9 (SARL, SAS, etc..) ou m\u00eame install\u00e9 en profession lib\u00e9rale. N\u2019h\u00e9sitez pas \u00e0 me contacter, que ce soit pour une \u00e9tude de budget gratuite personnalis\u00e9e, ou si vous avez d\u00e9j\u00e0 sign\u00e9, pour votre compromis. Damien Lagache au 06\u00a040 41 49 23[\/vc_column_text][\/vc_column][\/vc_row][vc_row][vc_column][vc_column_text]Ils nous ont fait confiance, retrouvez leurs avis et t\u00e9moignages sur : Google, Nos t\u00e9moignages et Facebook[\/vc_column_text][\/vc_column][\/vc_row][vc_row][vc_column][vc_single_image image=\u00a0\u00bb597&Prime; img_size=\u00a0\u00bbfull\u00a0\u00bb alignment=\u00a0\u00bbcenter\u00a0\u00bb][\/vc_column][\/vc_row][vc_row][vc_column][vc_column_text] Les diff\u00e9rentes zones d&rsquo;intervention de votre courtier : [\/vc_column_text][\/vc_column][\/vc_row][vc_row][vc_column][vc_column_text]B\u00e9thune et environs[\/vc_column_text][vc_single_image image=\u00a0\u00bb1052&Prime; img_size=\u00a0\u00bbfull\u00a0\u00bb alignment=\u00a0\u00bbcenter\u00a0\u00bb onclick=\u00a0\u00bbcustom_link\u00a0\u00bb link=\u00a0\u00bbhttps:\/\/pressetaux.fr\/bethune\/zone-interventions-dl-com\u00a0\u00bb][\/vc_column][\/vc_row][vc_row][vc_column][vc_single_image image=\u00a0\u00bb597&Prime; img_size=\u00a0\u00bbfull\u00a0\u00bb alignment=\u00a0\u00bbcenter\u00a0\u00bb][\/vc_column][\/vc_row]<\/p>\n","protected":false},"author":8,"featured_media":0,"parent":0,"menu_order":0,"comment_status":"closed","ping_status":"closed","template":"","meta":{"_genesis_hide_title":false,"_genesis_hide_breadcrumbs":false,"_genesis_hide_singular_image":false,"_genesis_hide_footer_widgets":false,"_genesis_custom_body_class":"","_genesis_custom_post_class":"","_genesis_layout":""},"yoast_head":"<!-- This site is optimized with the Yoast SEO plugin v17.8 - https:\/\/yoast.com\/wordpress\/plugins\/seo\/ -->\n<title>Votre courtier en cr\u00e9dit \u00e0 B\u00e9thune Lens - PresseTaux<\/title>\n<meta name=\"description\" content=\"Damien Lagache, je suis votre courtier en cr\u00e9dit \u00e0 Valenciennes. Venez me rencontrer afin que je vous fasse \u00c9CONOMISER de l&#039;argent !\" \/>\n<meta name=\"robots\" content=\"index, follow, max-snippet:-1, max-image-preview:large, max-video-preview:-1\" \/>\n<link rel=\"canonical\" href=\"https:\/\/pressetaux.fr\/bethune\/courtier-henin-et-carvin\/\" \/>\n<meta name=\"twitter:label1\" content=\"Dur\u00e9e de lecture estim\u00e9e\" \/>\n\t<meta name=\"twitter:data1\" content=\"3 minutes\" \/>\n<script type=\"application\/ld+json\" class=\"yoast-schema-graph\">{\"@context\":\"https:\/\/schema.org\",\"@graph\":[{\"@type\":\"Organization\",\"@id\":\"https:\/\/pressetaux.fr\/bethune\/#organization\",\"name\":\"PresseTaux B\\u00e9thune - Lens\",\"url\":\"https:\/\/pressetaux.fr\/bethune\/\",\"sameAs\":[\"https:\/\/www.facebook.com\/presse.tauxbethune?locale=fr_FR\"],\"logo\":{\"@type\":\"ImageObject\",\"@id\":\"https:\/\/pressetaux.fr\/bethune\/#logo\",\"inLanguage\":\"fr-FR\",\"url\":\"https:\/\/pressetaux.fr\/bethune\/wp-content\/uploads\/sites\/4\/2022\/03\/LogoPressetaux.jpg\",\"contentUrl\":\"https:\/\/pressetaux.fr\/bethune\/wp-content\/uploads\/sites\/4\/2022\/03\/LogoPressetaux.jpg\",\"width\":1776,\"height\":997,\"caption\":\"PresseTaux B\\u00e9thune - Lens\"},\"image\":{\"@id\":\"https:\/\/pressetaux.fr\/bethune\/#logo\"}},{\"@type\":\"WebSite\",\"@id\":\"https:\/\/pressetaux.fr\/bethune\/#website\",\"url\":\"https:\/\/pressetaux.fr\/bethune\/\",\"name\":\"PresseTaux B\\u00e9thune\",\"description\":\"COURTIER EN CREDIT\",\"publisher\":{\"@id\":\"https:\/\/pressetaux.fr\/bethune\/#organization\"},\"potentialAction\":[{\"@type\":\"SearchAction\",\"target\":{\"@type\":\"EntryPoint\",\"urlTemplate\":\"https:\/\/pressetaux.fr\/bethune\/?s={search_term_string}\"},\"query-input\":\"required name=search_term_string\"}],\"inLanguage\":\"fr-FR\"},{\"@type\":\"ImageObject\",\"@id\":\"https:\/\/pressetaux.fr\/bethune\/courtier-henin-et-carvin\/#primaryimage\",\"inLanguage\":\"fr-FR\",\"url\":\"https:\/\/pressetaux.fr\/wp-content\/uploads\/2015\/04\/contacter-conseiller.png\",\"contentUrl\":\"https:\/\/pressetaux.fr\/wp-content\/uploads\/2015\/04\/contacter-conseiller.png\"},{\"@type\":\"WebPage\",\"@id\":\"https:\/\/pressetaux.fr\/bethune\/courtier-henin-et-carvin\/#webpage\",\"url\":\"https:\/\/pressetaux.fr\/bethune\/courtier-henin-et-carvin\/\",\"name\":\"Votre courtier en cr\\u00e9dit \\u00e0 B\\u00e9thune Lens - PresseTaux\",\"isPartOf\":{\"@id\":\"https:\/\/pressetaux.fr\/bethune\/#website\"},\"primaryImageOfPage\":{\"@id\":\"https:\/\/pressetaux.fr\/bethune\/courtier-henin-et-carvin\/#primaryimage\"},\"datePublished\":\"2013-07-11T09:48:32+00:00\",\"dateModified\":\"2024-10-01T07:09:34+00:00\",\"description\":\"Damien Lagache, je suis votre courtier en cr\\u00e9dit \\u00e0 Valenciennes. Venez me rencontrer afin que je vous fasse \\u00c9CONOMISER de l'argent !\",\"breadcrumb\":{\"@id\":\"https:\/\/pressetaux.fr\/bethune\/courtier-henin-et-carvin\/#breadcrumb\"},\"inLanguage\":\"fr-FR\",\"potentialAction\":[{\"@type\":\"ReadAction\",\"target\":[\"https:\/\/pressetaux.fr\/bethune\/courtier-henin-et-carvin\/\"]}]},{\"@type\":\"BreadcrumbList\",\"@id\":\"https:\/\/pressetaux.fr\/bethune\/courtier-henin-et-carvin\/#breadcrumb\",\"itemListElement\":[{\"@type\":\"ListItem\",\"position\":1,\"name\":\"Courtier en cr\\u00e9dit \\u00e0 B\\u00e9thune\"}]}]}<\/script>\n<!-- \/ Yoast SEO plugin. -->","yoast_head_json":{"title":"Votre courtier en cr\u00e9dit \u00e0 B\u00e9thune Lens - PresseTaux","description":"Damien Lagache, je suis votre courtier en cr\u00e9dit \u00e0 Valenciennes. Venez me rencontrer afin que je vous fasse \u00c9CONOMISER de l'argent !","robots":{"index":"index","follow":"follow","max-snippet":"max-snippet:-1","max-image-preview":"max-image-preview:large","max-video-preview":"max-video-preview:-1"},"canonical":"https:\/\/pressetaux.fr\/bethune\/courtier-henin-et-carvin\/","twitter_misc":{"Dur\u00e9e de lecture estim\u00e9e":"3 minutes"},"schema":{"@context":"https:\/\/schema.org","@graph":[{"@type":"Organization","@id":"https:\/\/pressetaux.fr\/bethune\/#organization","name":"PresseTaux B\u00e9thune - Lens","url":"https:\/\/pressetaux.fr\/bethune\/","sameAs":["https:\/\/www.facebook.com\/presse.tauxbethune?locale=fr_FR"],"logo":{"@type":"ImageObject","@id":"https:\/\/pressetaux.fr\/bethune\/#logo","inLanguage":"fr-FR","url":"https:\/\/pressetaux.fr\/bethune\/wp-content\/uploads\/sites\/4\/2022\/03\/LogoPressetaux.jpg","contentUrl":"https:\/\/pressetaux.fr\/bethune\/wp-content\/uploads\/sites\/4\/2022\/03\/LogoPressetaux.jpg","width":1776,"height":997,"caption":"PresseTaux B\u00e9thune - Lens"},"image":{"@id":"https:\/\/pressetaux.fr\/bethune\/#logo"}},{"@type":"WebSite","@id":"https:\/\/pressetaux.fr\/bethune\/#website","url":"https:\/\/pressetaux.fr\/bethune\/","name":"PresseTaux B\u00e9thune","description":"COURTIER EN CREDIT","publisher":{"@id":"https:\/\/pressetaux.fr\/bethune\/#organization"},"potentialAction":[{"@type":"SearchAction","target":{"@type":"EntryPoint","urlTemplate":"https:\/\/pressetaux.fr\/bethune\/?s={search_term_string}"},"query-input":"required name=search_term_string"}],"inLanguage":"fr-FR"},{"@type":"ImageObject","@id":"https:\/\/pressetaux.fr\/bethune\/courtier-henin-et-carvin\/#primaryimage","inLanguage":"fr-FR","url":"https:\/\/pressetaux.fr\/wp-content\/uploads\/2015\/04\/contacter-conseiller.png","contentUrl":"https:\/\/pressetaux.fr\/wp-content\/uploads\/2015\/04\/contacter-conseiller.png"},{"@type":"WebPage","@id":"https:\/\/pressetaux.fr\/bethune\/courtier-henin-et-carvin\/#webpage","url":"https:\/\/pressetaux.fr\/bethune\/courtier-henin-et-carvin\/","name":"Votre courtier en cr\u00e9dit \u00e0 B\u00e9thune Lens - PresseTaux","isPartOf":{"@id":"https:\/\/pressetaux.fr\/bethune\/#website"},"primaryImageOfPage":{"@id":"https:\/\/pressetaux.fr\/bethune\/courtier-henin-et-carvin\/#primaryimage"},"datePublished":"2013-07-11T09:48:32+00:00","dateModified":"2024-10-01T07:09:34+00:00","description":"Damien Lagache, je suis votre courtier en cr\u00e9dit \u00e0 Valenciennes. Venez me rencontrer afin que je vous fasse \u00c9CONOMISER de l'argent !","breadcrumb":{"@id":"https:\/\/pressetaux.fr\/bethune\/courtier-henin-et-carvin\/#breadcrumb"},"inLanguage":"fr-FR","potentialAction":[{"@type":"ReadAction","target":["https:\/\/pressetaux.fr\/bethune\/courtier-henin-et-carvin\/"]}]},{"@type":"BreadcrumbList","@id":"https:\/\/pressetaux.fr\/bethune\/courtier-henin-et-carvin\/#breadcrumb","itemListElement":[{"@type":"ListItem","position":1,"name":"Courtier en cr\u00e9dit \u00e0 B\u00e9thune"}]}]}},"_links":{"self":[{"href":"https:\/\/pressetaux.fr\/bethune\/wp-json\/wp\/v2\/pages\/26"}],"collection":[{"href":"https:\/\/pressetaux.fr\/bethune\/wp-json\/wp\/v2\/pages"}],"about":[{"href":"https:\/\/pressetaux.fr\/bethune\/wp-json\/wp\/v2\/types\/page"}],"author":[{"embeddable":true,"href":"https:\/\/pressetaux.fr\/bethune\/wp-json\/wp\/v2\/users\/8"}],"replies":[{"embeddable":true,"href":"https:\/\/pressetaux.fr\/bethune\/wp-json\/wp\/v2\/comments?post=26"}],"version-history":[{"count":0,"href":"https:\/\/pressetaux.fr\/bethune\/wp-json\/wp\/v2\/pages\/26\/revisions"}],"wp:attachment":[{"href":"https:\/\/pressetaux.fr\/bethune\/wp-json\/wp\/v2\/media?parent=26"}],"curies":[{"name":"wp","href":"https:\/\/api.w.org\/{rel}","templated":true}]}}