{"id":839,"date":"2014-01-05T21:58:03","date_gmt":"2014-01-05T20:58:03","guid":{"rendered":"http:\/\/www.pressetaux.fr\/franchise\/?page_id=29"},"modified":"2022-06-28T10:59:47","modified_gmt":"2022-06-28T09:59:47","slug":"le-mot-du-fondateur","status":"publish","type":"page","link":"https:\/\/pressetaux.fr\/franchise\/qui-sommes-nous\/le-mot-du-fondateur\/","title":{"rendered":"Le mot du fondateur de PresseTaux"},"content":{"rendered":"<p>[vc_row][vc_column offset=\u00a0\u00bbvc_hidden-sm vc_hidden-xs\u00a0\u00bb][vc_single_image image=\u00a0\u00bb675&Prime; img_size=\u00a0\u00bbfull\u00a0\u00bb alignment=\u00a0\u00bbcenter\u00a0\u00bb][\/vc_column][\/vc_row][vc_row][vc_column offset=\u00a0\u00bbvc_hidden-lg vc_hidden-md\u00a0\u00bb][vc_empty_space][\/vc_column][\/vc_row][vc_row][vc_column][vc_text_separator title=\u00a0\u00bbLa proximit\u00e9 avant tout\u00a0\u00bb color=\u00a0\u00bborange\u00a0\u00bb border_width=\u00a0\u00bb2&Prime; el_class=\u00a0\u00bbtitreactualite\u00a0\u00bb][\/vc_column][\/vc_row][vc_row][vc_column][vc_empty_space height=\u00a0\u00bb10px\u00a0\u00bb][\/vc_column][\/vc_row][vc_row][vc_column width=\u00a0\u00bb1\/2&Prime;][vc_column_text]<img loading=\"lazy\" class=\"wp-image-677 size-medium alignleft\" src=\"https:\/\/pressetaux.fr\/franchise\/wp-content\/uploads\/sites\/12\/2014\/01\/image-reseau21-300x160.png\" alt=\"\" width=\"300\" height=\"160\" srcset=\"https:\/\/pressetaux.fr\/franchise\/wp-content\/uploads\/sites\/12\/2014\/01\/image-reseau21-300x160.png 300w, https:\/\/pressetaux.fr\/franchise\/wp-content\/uploads\/sites\/12\/2014\/01\/image-reseau21-24x13.png 24w, https:\/\/pressetaux.fr\/franchise\/wp-content\/uploads\/sites\/12\/2014\/01\/image-reseau21-36x19.png 36w, https:\/\/pressetaux.fr\/franchise\/wp-content\/uploads\/sites\/12\/2014\/01\/image-reseau21-48x26.png 48w, https:\/\/pressetaux.fr\/franchise\/wp-content\/uploads\/sites\/12\/2014\/01\/image-reseau21.png 363w\" sizes=\"(max-width: 300px) 100vw, 300px\" \/>[\/vc_column_text][\/vc_column][vc_column width=\u00a0\u00bb1\/2&Prime;][vc_column_text]Pour les particuliers comme pour les professionnels, le m\u00e9tier de courtier prend une place de plus en plus importante dans la soci\u00e9t\u00e9 fran\u00e7aise. Comme vous allez le constater dans ce document, ce march\u00e9 va continuer \u00e0 progresser pendant les ann\u00e9es \u00e0 venir.[\/vc_column_text][\/vc_column][\/vc_row][vc_row][vc_column][vc_empty_space][\/vc_column][\/vc_row][vc_row][vc_column][vc_text_separator title=\u00a0\u00bbLa base de notre m\u00e9tier : Proximit\u00e9.\u00a0\u00bb color=\u00a0\u00bborange\u00a0\u00bb border_width=\u00a0\u00bb2&Prime; el_class=\u00a0\u00bbtitreactualite\u00a0\u00bb][\/vc_column][\/vc_row][vc_row][vc_column][vc_empty_space height=\u00a0\u00bb10px\u00a0\u00bb][\/vc_column][\/vc_row][vc_row][vc_column width=\u00a0\u00bb1\/2&Prime;][vc_column_text]Depuis f\u00e9vrier 2004, nos courtiers sont reconnus pour la qualit\u00e9 de l\u2019accompagnement\u00a0 qu\u2019ils proposent au quotidien et nos agences PRESSETAUX sont appr\u00e9ci\u00e9es pour leur implication locale. Ces qualit\u00e9s permettent \u00e0 nos franchis\u00e9s de s\u2019assurer de la fid\u00e9lit\u00e9 de nos prescripteurs et b\u00e9n\u00e9ficient d\u2019un taux record de parrainage.<\/p>\n<p>Fort de nos succ\u00e8s dans le nord de la France, nous sommes pr\u00eats pour notre d\u00e9ploiement sur l\u2019ensemble du territoire fran\u00e7ais. Le concept PRESSETAUX ; Proximit\u00e9, Service et Accompagnement ; fait partie int\u00e9grante de notre process de formation qui est l\u2019un des plus complet de notre secteur.[\/vc_column_text][vc_empty_space height=\u00a0\u00bb90px\u00a0\u00bb][\/vc_column][vc_column width=\u00a0\u00bb1\/2&Prime;][vc_column_text]<br \/>\nJ\u2019ai choisi de d\u00e9velopper la marque PRESSETAUX\u00a0 par un syst\u00e8me de franchise pour que chaque courtier ait une forte implication dans son m\u00e9tier et pour permettre le partage\u00a0 d\u2019exp\u00e9rience au sein du groupe. Ces deux principes sont un formidable acc\u00e9l\u00e9rateur pour la r\u00e9ussite du r\u00e9seau et donc de ses membres.<\/p>\n<p>Afin de conserver et d\u00e9velopper notre r\u00e9putation, nous souhaitons int\u00e9grer des candidats qui partagent ces valeurs. Vous devez faire preuve d\u2019implication, de s\u00e9rieux et avoir la volont\u00e9 de devenir les leaders de votre march\u00e9.<\/p>\n<p>Si vous souhaitez relever ce challenge, bienvenue chez PRESSETAUX.<\/p>\n<p>Nous vous fournirons tous les outils pour r\u00e9ussir.<\/p>\n<p style=\"text-align: right;\" align=\"right\"><strong>S\u00e9bastien Masure<\/strong><\/p>\n<p style=\"text-align: right;\"><strong>\u00a0Cr\u00e9ateur et Dirigeant de PRESSETAUX<\/strong><\/p>\n<p>[\/vc_column_text][\/vc_column][\/vc_row][vc_row][vc_column][vc_separator color=\u00a0\u00bborange\u00a0\u00bb][\/vc_column][\/vc_row][vc_row][vc_column][vc_column_text]Nos courtiers PresseTaux, courtier en cr\u00e9dit immobilier accompagnent leurs clients afin qu&rsquo;ils obtiennent un pr\u00eat dans les meilleures conditions sur l&rsquo;ensemble de leurs projets :<\/p>\n<p style=\"text-align: justify;\"><strong>&#8211; Achat de votre r\u00e9sidence principale<\/strong><br \/>\n<strong>&#8211; Achat locatif<\/strong><br \/>\n<strong>&#8211; D\u00e9fiscalisation<\/strong><br \/>\n<strong>&#8211; Achat r\u00e9sidence secondaire<\/strong><br \/>\n<strong>&#8211; Ren\u00e9gociation de votre cr\u00e9dit immobilier<\/strong><br \/>\n<strong>&#8211; Ren\u00e9gociation de votre assurance de pr\u00eat<\/strong><br \/>\n<strong>&#8211; Restructuration de vos cr\u00e9dits pour all\u00e9ger vos mensualit\u00e9s<\/strong><br \/>\n<strong>&#8211; Rachat de soulte<\/strong><br \/>\n<strong>&#8211; Financement de travaux<\/strong><\/p>\n<p>Vous souhaitez devenir courtier en cr\u00e9dit immobilier, remplissez le <a href=\"https:\/\/pressetaux.fr\/franchise\/contact\/\"><span style=\"color: #f9b200;\"><strong>ce formulaire <\/strong><\/span><\/a>pour \u00eatre contact\u00e9.[\/vc_column_text][\/vc_column][\/vc_row][vc_row][vc_column][vc_text_separator title=\u00a0\u00bbSatisfaction de nos clients\u00a0\u00bb color=\u00a0\u00bborange\u00a0\u00bb][\/vc_column][\/vc_row][vc_row][vc_column][vc_column_text]Retrouvez les avis et t\u00e9moignages de nos franchis\u00e9s sur : <a href=\"https:\/\/pressetaux.fr\/blog\/category\/temoignagesblog\/\" target=\"blank\" rel=\"noopener\">Nos t\u00e9moignages<\/a> et <a href=\"https:\/\/www.facebook.com\/CourtiersPresseTaux\/reviews?locale=fr_FR\" target=\"blank\" rel=\"noopener\">Facebook<\/a>[\/vc_column_text][\/vc_column][\/vc_row][vc_row][vc_column][vc_text_separator title=\u00a0\u00bbNotre programme de parrainage\u00a0\u00bb color=\u00a0\u00bborange\u00a0\u00bb][\/vc_column][\/vc_row][vc_row][vc_column][vc_column_text]Nos clients nous ont fait confiance, leur satisfaction est notre priorit\u00e9.<br \/>\nGr\u00e2ce \u00e0 notre programme de parrainage, nos clients b\u00e9n\u00e9ficient d&rsquo;un bon d&rsquo;achat pour tout dossier finalis\u00e9.<br \/>\n<strong>Parrainez un de vos proches, c&rsquo;est tr\u00e8s simple, <a href=\"https:\/\/pressetaux.fr\/parrainez-vos-amis\/\" target=\"blank\" rel=\"noopener\">cliquez-ici !<\/a><\/strong>[\/vc_column_text][\/vc_column][\/vc_row]<\/p>\n","protected":false},"excerpt":{"rendered":"<p>[vc_row][vc_column offset=\u00a0\u00bbvc_hidden-sm vc_hidden-xs\u00a0\u00bb][vc_single_image image=\u00a0\u00bb675&Prime; img_size=\u00a0\u00bbfull\u00a0\u00bb alignment=\u00a0\u00bbcenter\u00a0\u00bb][\/vc_column][\/vc_row][vc_row][vc_column offset=\u00a0\u00bbvc_hidden-lg vc_hidden-md\u00a0\u00bb][vc_empty_space][\/vc_column][\/vc_row][vc_row][vc_column][vc_text_separator title=\u00a0\u00bbLa proximit\u00e9 avant tout\u00a0\u00bb color=\u00a0\u00bborange\u00a0\u00bb border_width=\u00a0\u00bb2&Prime; el_class=\u00a0\u00bbtitreactualite\u00a0\u00bb][\/vc_column][\/vc_row][vc_row][vc_column][vc_empty_space height=\u00a0\u00bb10px\u00a0\u00bb][\/vc_column][\/vc_row][vc_row][vc_column width=\u00a0\u00bb1\/2&Prime;][vc_column_text][\/vc_column_text][\/vc_column][vc_column width=\u00a0\u00bb1\/2&Prime;][vc_column_text]Pour les particuliers comme pour les professionnels, le m\u00e9tier de courtier prend une place de plus en plus importante dans la soci\u00e9t\u00e9 fran\u00e7aise. Comme vous allez le constater dans ce document, ce march\u00e9 va continuer \u00e0 progresser pendant les ann\u00e9es \u00e0 venir.[\/vc_column_text][\/vc_column][\/vc_row][vc_row][vc_column][vc_empty_space][\/vc_column][\/vc_row][vc_row][vc_column][vc_text_separator title=\u00a0\u00bbLa base de notre m\u00e9tier : Proximit\u00e9.\u00a0\u00bb color=\u00a0\u00bborange\u00a0\u00bb border_width=\u00a0\u00bb2&Prime; el_class=\u00a0\u00bbtitreactualite\u00a0\u00bb][\/vc_column][\/vc_row][vc_row][vc_column][vc_empty_space height=\u00a0\u00bb10px\u00a0\u00bb][\/vc_column][\/vc_row][vc_row][vc_column width=\u00a0\u00bb1\/2&Prime;][vc_column_text]Depuis f\u00e9vrier 2004, nos courtiers sont reconnus pour la qualit\u00e9 de l\u2019accompagnement\u00a0 qu\u2019ils proposent au quotidien et nos agences PRESSETAUX sont appr\u00e9ci\u00e9es pour leur implication locale. Ces qualit\u00e9s permettent \u00e0 nos franchis\u00e9s de s\u2019assurer de la fid\u00e9lit\u00e9 de nos prescripteurs et b\u00e9n\u00e9ficient d\u2019un taux record de parrainage. Fort de nos succ\u00e8s dans le nord de la France, nous sommes pr\u00eats pour notre d\u00e9ploiement sur l\u2019ensemble du territoire fran\u00e7ais. Le concept PRESSETAUX ; Proximit\u00e9, Service et Accompagnement ; fait partie int\u00e9grante de notre process de formation qui est l\u2019un des plus complet de notre secteur.[\/vc_column_text][vc_empty_space height=\u00a0\u00bb90px\u00a0\u00bb][\/vc_column][vc_column width=\u00a0\u00bb1\/2&Prime;][vc_column_text] J\u2019ai choisi de d\u00e9velopper la marque PRESSETAUX\u00a0 par un syst\u00e8me de franchise pour que chaque courtier ait une forte implication dans son m\u00e9tier et pour permettre le partage\u00a0 d\u2019exp\u00e9rience au sein du groupe. Ces deux principes sont un formidable acc\u00e9l\u00e9rateur pour la r\u00e9ussite du r\u00e9seau et donc de ses membres. Afin de conserver et d\u00e9velopper notre r\u00e9putation, nous souhaitons int\u00e9grer des candidats qui partagent ces valeurs. Vous devez faire preuve d\u2019implication, de s\u00e9rieux et avoir la volont\u00e9 de devenir les leaders de votre march\u00e9. Si vous souhaitez relever ce challenge, bienvenue chez PRESSETAUX. Nous vous fournirons tous les outils pour r\u00e9ussir. S\u00e9bastien Masure \u00a0Cr\u00e9ateur et Dirigeant de PRESSETAUX [\/vc_column_text][\/vc_column][\/vc_row][vc_row][vc_column][vc_separator color=\u00a0\u00bborange\u00a0\u00bb][\/vc_column][\/vc_row][vc_row][vc_column][vc_column_text]Nos courtiers PresseTaux, courtier en cr\u00e9dit immobilier accompagnent leurs clients afin qu&rsquo;ils obtiennent un pr\u00eat dans les meilleures conditions sur l&rsquo;ensemble de leurs projets : &#8211; Achat de votre r\u00e9sidence principale &#8211; Achat locatif &#8211; D\u00e9fiscalisation &#8211; Achat r\u00e9sidence secondaire &#8211; Ren\u00e9gociation de votre cr\u00e9dit immobilier &#8211; Ren\u00e9gociation de votre assurance de pr\u00eat &#8211; Restructuration de vos cr\u00e9dits pour all\u00e9ger vos mensualit\u00e9s &#8211; Rachat de soulte &#8211; Financement de travaux Vous souhaitez devenir courtier en cr\u00e9dit immobilier, remplissez le ce formulaire pour \u00eatre contact\u00e9.[\/vc_column_text][\/vc_column][\/vc_row][vc_row][vc_column][vc_text_separator title=\u00a0\u00bbSatisfaction de nos clients\u00a0\u00bb color=\u00a0\u00bborange\u00a0\u00bb][\/vc_column][\/vc_row][vc_row][vc_column][vc_column_text]Retrouvez les avis et t\u00e9moignages de nos franchis\u00e9s sur : Nos t\u00e9moignages et Facebook[\/vc_column_text][\/vc_column][\/vc_row][vc_row][vc_column][vc_text_separator title=\u00a0\u00bbNotre programme de parrainage\u00a0\u00bb color=\u00a0\u00bborange\u00a0\u00bb][\/vc_column][\/vc_row][vc_row][vc_column][vc_column_text]Nos clients nous ont fait confiance, leur satisfaction est notre priorit\u00e9. Gr\u00e2ce \u00e0 notre programme de parrainage, nos clients b\u00e9n\u00e9ficient d&rsquo;un bon d&rsquo;achat pour tout dossier finalis\u00e9. Parrainez un de vos proches, c&rsquo;est tr\u00e8s simple, cliquez-ici ![\/vc_column_text][\/vc_column][\/vc_row]<\/p>\n","protected":false},"author":8,"featured_media":0,"parent":834,"menu_order":0,"comment_status":"closed","ping_status":"closed","template":"","meta":{"_genesis_hide_title":false,"_genesis_hide_breadcrumbs":false,"_genesis_hide_singular_image":false,"_genesis_hide_footer_widgets":false,"_genesis_custom_body_class":"","_genesis_custom_post_class":"","_genesis_layout":""},"yoast_head":"<!-- This site is optimized with the Yoast SEO plugin v17.8 - https:\/\/yoast.com\/wordpress\/plugins\/seo\/ -->\n<title>Le mot du fondateur de PresseTaux - Franchise PresseTaux<\/title>\n<meta name=\"description\" content=\"Le mot du fondateur de PresseTaux. Vous souhaitez devenir franchis\u00e9, contactez-nous au 03 27 47 75 74 pour plus d&#039;informations.\" \/>\n<meta name=\"robots\" content=\"index, follow, max-snippet:-1, max-image-preview:large, max-video-preview:-1\" \/>\n<link rel=\"canonical\" href=\"https:\/\/pressetaux.fr\/franchise\/qui-sommes-nous\/le-mot-du-fondateur\/\" \/>\n<meta name=\"twitter:label1\" content=\"Dur\u00e9e de lecture estim\u00e9e\" \/>\n\t<meta name=\"twitter:data1\" content=\"3 minutes\" \/>\n<script type=\"application\/ld+json\" class=\"yoast-schema-graph\">{\"@context\":\"https:\/\/schema.org\",\"@graph\":[{\"@type\":\"Organization\",\"@id\":\"https:\/\/pressetaux.fr\/franchise\/#organization\",\"name\":\"PresseTaux\",\"url\":\"https:\/\/pressetaux.fr\/franchise\/\",\"sameAs\":[],\"logo\":{\"@type\":\"ImageObject\",\"@id\":\"https:\/\/pressetaux.fr\/franchise\/#logo\",\"inLanguage\":\"fr-FR\",\"url\":\"https:\/\/pressetaux.fr\/franchise\/wp-content\/uploads\/sites\/12\/2022\/06\/LogoPressetaux.jpg\",\"contentUrl\":\"https:\/\/pressetaux.fr\/franchise\/wp-content\/uploads\/sites\/12\/2022\/06\/LogoPressetaux.jpg\",\"width\":1776,\"height\":997,\"caption\":\"PresseTaux\"},\"image\":{\"@id\":\"https:\/\/pressetaux.fr\/franchise\/#logo\"}},{\"@type\":\"WebSite\",\"@id\":\"https:\/\/pressetaux.fr\/franchise\/#website\",\"url\":\"https:\/\/pressetaux.fr\/franchise\/\",\"name\":\"Franchise PresseTaux\",\"description\":\"COURTIER EN CREDIT\",\"publisher\":{\"@id\":\"https:\/\/pressetaux.fr\/franchise\/#organization\"},\"potentialAction\":[{\"@type\":\"SearchAction\",\"target\":{\"@type\":\"EntryPoint\",\"urlTemplate\":\"https:\/\/pressetaux.fr\/franchise\/?s={search_term_string}\"},\"query-input\":\"required name=search_term_string\"}],\"inLanguage\":\"fr-FR\"},{\"@type\":\"ImageObject\",\"@id\":\"https:\/\/pressetaux.fr\/franchise\/qui-sommes-nous\/le-mot-du-fondateur\/#primaryimage\",\"inLanguage\":\"fr-FR\",\"url\":\"https:\/\/pressetaux.fr\/franchise\/wp-content\/uploads\/sites\/12\/2014\/01\/image-reseau21.png\",\"contentUrl\":\"https:\/\/pressetaux.fr\/franchise\/wp-content\/uploads\/sites\/12\/2014\/01\/image-reseau21.png\",\"width\":363,\"height\":194},{\"@type\":\"WebPage\",\"@id\":\"https:\/\/pressetaux.fr\/franchise\/qui-sommes-nous\/le-mot-du-fondateur\/#webpage\",\"url\":\"https:\/\/pressetaux.fr\/franchise\/qui-sommes-nous\/le-mot-du-fondateur\/\",\"name\":\"Le mot du fondateur de PresseTaux - Franchise PresseTaux\",\"isPartOf\":{\"@id\":\"https:\/\/pressetaux.fr\/franchise\/#website\"},\"primaryImageOfPage\":{\"@id\":\"https:\/\/pressetaux.fr\/franchise\/qui-sommes-nous\/le-mot-du-fondateur\/#primaryimage\"},\"datePublished\":\"2014-01-05T20:58:03+00:00\",\"dateModified\":\"2022-06-28T09:59:47+00:00\",\"description\":\"Le mot du fondateur de PresseTaux. Vous souhaitez devenir franchis\\u00e9, contactez-nous au 03 27 47 75 74 pour plus d'informations.\",\"breadcrumb\":{\"@id\":\"https:\/\/pressetaux.fr\/franchise\/qui-sommes-nous\/le-mot-du-fondateur\/#breadcrumb\"},\"inLanguage\":\"fr-FR\",\"potentialAction\":[{\"@type\":\"ReadAction\",\"target\":[\"https:\/\/pressetaux.fr\/franchise\/qui-sommes-nous\/le-mot-du-fondateur\/\"]}]},{\"@type\":\"BreadcrumbList\",\"@id\":\"https:\/\/pressetaux.fr\/franchise\/qui-sommes-nous\/le-mot-du-fondateur\/#breadcrumb\",\"itemListElement\":[{\"@type\":\"ListItem\",\"position\":1,\"name\":\"Qui sommes-nous ?\",\"item\":\"https:\/\/pressetaux.fr\/franchise\/qui-sommes-nous\/\"},{\"@type\":\"ListItem\",\"position\":2,\"name\":\"Le mot du fondateur de PresseTaux\"}]}]}<\/script>\n<!-- \/ Yoast SEO plugin. -->","yoast_head_json":{"title":"Le mot du fondateur de PresseTaux - Franchise PresseTaux","description":"Le mot du fondateur de PresseTaux. Vous souhaitez devenir franchis\u00e9, contactez-nous au 03 27 47 75 74 pour plus d'informations.","robots":{"index":"index","follow":"follow","max-snippet":"max-snippet:-1","max-image-preview":"max-image-preview:large","max-video-preview":"max-video-preview:-1"},"canonical":"https:\/\/pressetaux.fr\/franchise\/qui-sommes-nous\/le-mot-du-fondateur\/","twitter_misc":{"Dur\u00e9e de lecture estim\u00e9e":"3 minutes"},"schema":{"@context":"https:\/\/schema.org","@graph":[{"@type":"Organization","@id":"https:\/\/pressetaux.fr\/franchise\/#organization","name":"PresseTaux","url":"https:\/\/pressetaux.fr\/franchise\/","sameAs":[],"logo":{"@type":"ImageObject","@id":"https:\/\/pressetaux.fr\/franchise\/#logo","inLanguage":"fr-FR","url":"https:\/\/pressetaux.fr\/franchise\/wp-content\/uploads\/sites\/12\/2022\/06\/LogoPressetaux.jpg","contentUrl":"https:\/\/pressetaux.fr\/franchise\/wp-content\/uploads\/sites\/12\/2022\/06\/LogoPressetaux.jpg","width":1776,"height":997,"caption":"PresseTaux"},"image":{"@id":"https:\/\/pressetaux.fr\/franchise\/#logo"}},{"@type":"WebSite","@id":"https:\/\/pressetaux.fr\/franchise\/#website","url":"https:\/\/pressetaux.fr\/franchise\/","name":"Franchise PresseTaux","description":"COURTIER EN CREDIT","publisher":{"@id":"https:\/\/pressetaux.fr\/franchise\/#organization"},"potentialAction":[{"@type":"SearchAction","target":{"@type":"EntryPoint","urlTemplate":"https:\/\/pressetaux.fr\/franchise\/?s={search_term_string}"},"query-input":"required name=search_term_string"}],"inLanguage":"fr-FR"},{"@type":"ImageObject","@id":"https:\/\/pressetaux.fr\/franchise\/qui-sommes-nous\/le-mot-du-fondateur\/#primaryimage","inLanguage":"fr-FR","url":"https:\/\/pressetaux.fr\/franchise\/wp-content\/uploads\/sites\/12\/2014\/01\/image-reseau21.png","contentUrl":"https:\/\/pressetaux.fr\/franchise\/wp-content\/uploads\/sites\/12\/2014\/01\/image-reseau21.png","width":363,"height":194},{"@type":"WebPage","@id":"https:\/\/pressetaux.fr\/franchise\/qui-sommes-nous\/le-mot-du-fondateur\/#webpage","url":"https:\/\/pressetaux.fr\/franchise\/qui-sommes-nous\/le-mot-du-fondateur\/","name":"Le mot du fondateur de PresseTaux - Franchise PresseTaux","isPartOf":{"@id":"https:\/\/pressetaux.fr\/franchise\/#website"},"primaryImageOfPage":{"@id":"https:\/\/pressetaux.fr\/franchise\/qui-sommes-nous\/le-mot-du-fondateur\/#primaryimage"},"datePublished":"2014-01-05T20:58:03+00:00","dateModified":"2022-06-28T09:59:47+00:00","description":"Le mot du fondateur de PresseTaux. Vous souhaitez devenir franchis\u00e9, contactez-nous au 03 27 47 75 74 pour plus d'informations.","breadcrumb":{"@id":"https:\/\/pressetaux.fr\/franchise\/qui-sommes-nous\/le-mot-du-fondateur\/#breadcrumb"},"inLanguage":"fr-FR","potentialAction":[{"@type":"ReadAction","target":["https:\/\/pressetaux.fr\/franchise\/qui-sommes-nous\/le-mot-du-fondateur\/"]}]},{"@type":"BreadcrumbList","@id":"https:\/\/pressetaux.fr\/franchise\/qui-sommes-nous\/le-mot-du-fondateur\/#breadcrumb","itemListElement":[{"@type":"ListItem","position":1,"name":"Qui sommes-nous ?","item":"https:\/\/pressetaux.fr\/franchise\/qui-sommes-nous\/"},{"@type":"ListItem","position":2,"name":"Le mot du fondateur de PresseTaux"}]}]}},"_links":{"self":[{"href":"https:\/\/pressetaux.fr\/franchise\/wp-json\/wp\/v2\/pages\/839"}],"collection":[{"href":"https:\/\/pressetaux.fr\/franchise\/wp-json\/wp\/v2\/pages"}],"about":[{"href":"https:\/\/pressetaux.fr\/franchise\/wp-json\/wp\/v2\/types\/page"}],"author":[{"embeddable":true,"href":"https:\/\/pressetaux.fr\/franchise\/wp-json\/wp\/v2\/users\/8"}],"replies":[{"embeddable":true,"href":"https:\/\/pressetaux.fr\/franchise\/wp-json\/wp\/v2\/comments?post=839"}],"version-history":[{"count":0,"href":"https:\/\/pressetaux.fr\/franchise\/wp-json\/wp\/v2\/pages\/839\/revisions"}],"up":[{"embeddable":true,"href":"https:\/\/pressetaux.fr\/franchise\/wp-json\/wp\/v2\/pages\/834"}],"wp:attachment":[{"href":"https:\/\/pressetaux.fr\/franchise\/wp-json\/wp\/v2\/media?parent=839"}],"curies":[{"name":"wp","href":"https:\/\/api.w.org\/{rel}","templated":true}]}}