{"id":730,"date":"2015-09-29T13:30:28","date_gmt":"2015-09-29T12:30:28","guid":{"rendered":"http:\/\/test.pressetaux.fr\/valenciennes\/?page_id=730"},"modified":"2017-02-14T14:34:53","modified_gmt":"2017-02-14T13:34:53","slug":"zone-interventions-sm-com","status":"publish","type":"page","link":"https:\/\/pressetaux.fr\/valenciennes\/zone-interventions-sm-com\/","title":{"rendered":"Les zones d&rsquo;interventions"},"content":{"rendered":"<p>[vc_row][vc_column offset=\u00a0\u00bbvc_hidden-sm vc_hidden-xs\u00a0\u00bb][vc_single_image image=\u00a0\u00bb1319&Prime; img_size=\u00a0\u00bbfull\u00a0\u00bb][\/vc_column][\/vc_row][vc_row][vc_column offset=\u00a0\u00bbvc_hidden-lg vc_hidden-md\u00a0\u00bb][vc_column_text]Les diff\u00e9rentes zones <strong>d&rsquo;interventions<\/strong>.[\/vc_column_text][\/vc_column][\/vc_row][vc_row][vc_column][vc_single_image image=\u00a0\u00bb704&Prime; img_size=\u00a0\u00bbfull\u00a0\u00bb][\/vc_column][\/vc_row][vc_row][vc_column][vc_single_image image=\u00a0\u00bb734&Prime; img_size=\u00a0\u00bbmedium\u00a0\u00bb alignment=\u00a0\u00bbcenter\u00a0\u00bb onclick=\u00a0\u00bbimg_link_large\u00a0\u00bb img_link_target=\u00a0\u00bb_blank\u00a0\u00bb][\/vc_column][\/vc_row][vc_row][vc_column][vc_single_image image=\u00a0\u00bb704&Prime; img_size=\u00a0\u00bbfull\u00a0\u00bb][\/vc_column][\/vc_row][vc_row][vc_column][vc_column_text]<\/p>\n<p style=\"text-align: center;\"><strong>Nord<\/strong><\/p>\n<p>[\/vc_column_text][\/vc_column][\/vc_row][vc_row][vc_column][vc_column_text]<\/p>\n<table style=\"font-size: 10px;\" border=\"0\" cellspacing=\"0\">\n<tbody>\n<tr>\n<td>Abancourt<\/td>\n<td>Abscon<\/td>\n<td>Anhiers<\/td>\n<td>Aniche<\/td>\n<td>Anneux<\/td>\n<td>Anzin<\/td>\n<\/tr>\n<tr>\n<td>Arleux<\/td>\n<td>Artres<\/td>\n<td>Aubencheul-au-Bac<\/td>\n<td>Auberchicourt<\/td>\n<td>Aubigny-au-Bac<\/td>\n<td>Aubry-du-Hainaut<\/td>\n<\/tr>\n<tr>\n<td>Auby<\/td>\n<td>Aulnoy-lez-Valenciennes<\/td>\n<td>Avesnes-le-Sec<\/td>\n<td>Avesnes-les-Aubert<\/td>\n<td>Awoingt<\/td>\n<td>Bantigny<\/td>\n<\/tr>\n<tr>\n<td>Beaudignies<\/td>\n<td>Beaumont-en-Cambr\u00e9sis<\/td>\n<td>Beaurain<\/td>\n<td>Beauvois-en-Cambr\u00e9sis<\/td>\n<td>Bellaing<\/td>\n<td>Billings<\/td>\n<\/tr>\n<tr>\n<td>Bermerain<\/td>\n<td>Bertry<\/td>\n<td>B\u00e9thencourt<\/td>\n<td>Bettrechies<\/td>\n<td>Beuvrages<\/td>\n<td>B\u00e9villers<\/td>\n<\/tr>\n<tr>\n<td>Bl\u00e9court<\/td>\n<td>Bouchain<\/td>\n<td>Bousies<\/td>\n<td>Bousignies<\/td>\n<td>Boussi\u00e8res-en-Cambr\u00e9sis<\/td>\n<td>Briastre<\/td>\n<\/tr>\n<tr>\n<td>Brillon<\/td>\n<td>Bruay-sur-l&rsquo;Escaut<\/td>\n<td>Bruille-lez-Marchiennes<\/td>\n<td>Bruille-Saint-Amand<\/td>\n<td>Brun\u00e9mont<\/td>\n<td>Bry<\/td>\n<\/tr>\n<tr>\n<td>Bugnicourt<\/td>\n<td>Busigny<\/td>\n<td>Cagnoncles<\/td>\n<td>Cambrai<\/td>\n<td>Cantaing-sur-Escaut<\/td>\n<td>Cantin<\/td>\n<\/tr>\n<tr>\n<td>Capelle<\/td>\n<td>Carni\u00e8res<\/td>\n<td>Catteni\u00e8res<\/td>\n<td>Caudry<\/td>\n<td>Caullery<\/td>\n<td>Cauroir<\/td>\n<\/tr>\n<tr>\n<td>Ch\u00e2teau-l&rsquo;Abbaye<\/td>\n<td>Clary<\/td>\n<td>Cond\u00e9-sur-l&rsquo;Escaut<\/td>\n<td>Courchelettes<\/td>\n<td>Crespin<\/td>\n<td>Cr\u00e8vecoeur-sur-l&rsquo;Escaut<\/td>\n<\/tr>\n<tr>\n<td>Croix-Caluyau<\/td>\n<td>Cuincy<\/td>\n<td>Curgies<\/td>\n<td>Cuvillers<\/td>\n<td>Dechy<\/td>\n<td>Deh\u00e9ries<\/td>\n<\/tr>\n<tr>\n<td>Denain<\/td>\n<td>Douai<\/td>\n<td>Douchy-les-Mines<\/td>\n<td>\u00c9caillon<\/td>\n<td>\u00c9lincourt<\/td>\n<td>\u00c9merchicourt<\/td>\n<\/tr>\n<tr>\n<td>Erchin<\/td>\n<td>Erre<\/td>\n<td>Escarmain<\/td>\n<td>Escaudain<\/td>\n<td>Escaudoeuvres<\/td>\n<td>Escautpont<\/td>\n<\/tr>\n<tr>\n<td>Esnes<\/td>\n<td>Esquerchin<\/td>\n<td>Estourmel<\/td>\n<td>Estr\u00e9es<\/td>\n<td>Estreux<\/td>\n<td>Estrun<\/td>\n<\/tr>\n<tr>\n<td>Eswars<\/td>\n<td>Eth<\/td>\n<td>Famars<\/td>\n<td>F\u00e9chain<\/td>\n<td>Fenain<\/td>\n<td>F\u00e9rin<\/td>\n<\/tr>\n<tr>\n<td>Flers-en-Escrebieux<\/td>\n<td>Flines-l\u00e8s-Mortagne<\/td>\n<td>Flines-lez-Raches<\/td>\n<td>Fontaine-au-Bois<\/td>\n<td>Fontaine-au-Pire<\/td>\n<td>Fontaine-Notre-Dame<\/td>\n<\/tr>\n<tr>\n<td>Forest-en-Cambr\u00e9sis<\/td>\n<td>Frasnoy<\/td>\n<td>Fresnes-sur-Escaut<\/td>\n<td>Fressain<\/td>\n<td>Fressies<\/td>\n<td>Ghissignies<\/td>\n<\/tr>\n<tr>\n<td>Goeulzin<\/td>\n<td>Guesnain<\/td>\n<td>Gussignies<\/td>\n<td>Hamel<\/td>\n<td>Hasnon<\/td>\n<td>Haspres<\/td>\n<\/tr>\n<tr>\n<td>Haucourt-en-Cambr\u00e9sis<\/td>\n<td>Haulchin<\/td>\n<td>Haussy<\/td>\n<td>Haveluy<\/td>\n<td>Haynecourt<\/td>\n<td>H\u00e9lesmes<\/td>\n<\/tr>\n<tr>\n<td>Hem-Lenglet<\/td>\n<td>Hergnies<\/td>\n<td>H\u00e9rin<\/td>\n<td>Hon-Hergies<\/td>\n<td>Honnechy<\/td>\n<td>Hordain<\/td>\n<\/tr>\n<tr>\n<td>Hornaing<\/td>\n<td>Houdain-lez-Bavay<\/td>\n<td>Inchy<\/td>\n<td>Iwuy<\/td>\n<td>Jenlain<\/td>\n<td>La Flamengrie<\/td>\n<\/tr>\n<tr>\n<td>La Sentinelle<\/td>\n<td>Lallaing<\/td>\n<td>Lambres-lez-Douai<\/td>\n<td>Lauwin-Planque<\/td>\n<td>Le Cateau-Cambr\u00e9sis<\/td>\n<td>Le Quesnoy<\/td>\n<\/tr>\n<tr>\n<td>Lecelles<\/td>\n<td>L\u00e9cluse<\/td>\n<td>Les Rues-des-Vignes<\/td>\n<td>Lesdain<\/td>\n<td>Lewarde<\/td>\n<td>Lieu-Saint-Amand<\/td>\n<\/tr>\n<tr>\n<td>Ligny-en-Cambr\u00e9sis<\/td>\n<td>Loffre<\/td>\n<td>Lourches<\/td>\n<td>Maing<\/td>\n<td>Malincourt<\/td>\n<td>Marchiennes<\/td>\n<\/tr>\n<tr>\n<td>Marcoing<\/td>\n<td>Marcq-en-Ostrevent<\/td>\n<td>Maresches<\/td>\n<td>Maretz<\/td>\n<td>Marly<\/td>\n<td>Marquette-en-Ostrevant<\/td>\n<\/tr>\n<tr>\n<td>Masni\u00e8res<\/td>\n<td>Masny<\/td>\n<td>Mastaing<\/td>\n<td>Maulde<\/td>\n<td>Maurois<\/td>\n<td>Millonfosse<\/td>\n<\/tr>\n<tr>\n<td>Monchaux-sur-\u00c9caillon<\/td>\n<td>Monchecourt<\/td>\n<td>Montay<\/td>\n<td>Montigny-en-Cambr\u00e9sis<\/td>\n<td>Montigny-en-Ostrevent<\/td>\n<td>Montr\u00e9court<\/td>\n<\/tr>\n<tr>\n<td>Mortagne-du-Nord<\/td>\n<td>Naves<\/td>\n<td>Neuville-en-Avesnois<\/td>\n<td>Neuville-Saint-R\u00e9my<\/td>\n<td>Neuville-sur-Escaut<\/td>\n<td>Neuvilly<\/td>\n<\/tr>\n<tr>\n<td>Niergnies<\/td>\n<td>Nivelle<\/td>\n<td>Noyelles-sur-Escaut<\/td>\n<td>Noyelles-sur-Selle<\/td>\n<td>Odomez<\/td>\n<td>Oisy<\/td>\n<\/tr>\n<tr>\n<td>Onnaing<\/td>\n<td>Orsinval<\/td>\n<td>Paillencourt<\/td>\n<td>Pecquencourt<\/td>\n<td>Petite-For\u00eat<\/td>\n<td>Poix-du-Nord<\/td>\n<\/tr>\n<tr>\n<td>Pr\u00e9seau<\/td>\n<td>Preux-au-Sart<\/td>\n<td>Prouvy<\/td>\n<td>Proville<\/td>\n<td>Quarouble<\/td>\n<td>Qu\u00e9r\u00e9naing<\/td>\n<\/tr>\n<tr>\n<td>Qui\u00e9vrechain<\/td>\n<td>Qui\u00e9vy<\/td>\n<td>R\u00e2ches<\/td>\n<td>Raillencourt-Sainte-Olle<\/td>\n<td>Raismes<\/td>\n<td>Ramillies<\/td>\n<\/tr>\n<tr>\n<td>Reumont<\/td>\n<td>Rieulay<\/td>\n<td>Rieux-en-Cambr\u00e9sis<\/td>\n<td>Robersart<\/td>\n<td>Roeulx<\/td>\n<td>Rombies-et-Marchipont<\/td>\n<\/tr>\n<tr>\n<td>Romeries<\/td>\n<td>Roost-Warendin<\/td>\n<td>Rosult<\/td>\n<td>Roucourt<\/td>\n<td>Rouvignies<\/td>\n<td>Ruesnes<\/td>\n<\/tr>\n<tr>\n<td>Rumegies<\/td>\n<td>Rumilly-en-Cambr\u00e9sis<\/td>\n<td>Sailly-lez-Cambrai<\/td>\n<td>Saint-Amand-les-Eaux<\/td>\n<td>Saint-Aubert<\/td>\n<td>Saint-Aybert<\/td>\n<\/tr>\n<tr>\n<td>Saint-Benin<\/td>\n<td>Saint-Hilaire-lez-Cambrai<\/td>\n<td>Saint-Martin-sur-\u00c9caillon<\/td>\n<td>Saint-Python<\/td>\n<td>Saint-Saulve<\/td>\n<td>Saint-Souplet<\/td>\n<\/tr>\n<tr>\n<td>Saint-Vaast-en-Cambr\u00e9sis<\/td>\n<td>Saint-Waast<\/td>\n<td>Salesches<\/td>\n<td>Sancourt<\/td>\n<td>Sars-et-Rosi\u00e8res<\/td>\n<td>Saultain<\/td>\n<\/tr>\n<tr>\n<td>Saulzoir<\/td>\n<td>Sebourg<\/td>\n<td>Sepmeries<\/td>\n<td>S\u00e9ranvillers-Forenville<\/td>\n<td>Sin-le-Noble<\/td>\n<td>Solesmes<\/td>\n<\/tr>\n<tr>\n<td>Somain<\/td>\n<td>Sommaing<\/td>\n<td>Taisni\u00e8res-sur-Hon<\/td>\n<td>Thiant<\/td>\n<td>Thivencelle<\/td>\n<td>Thun-l&rsquo;\u00c9v\u00eaque<\/td>\n<\/tr>\n<tr>\n<td>Thun-Saint-Amand<\/td>\n<td>Thun-Saint-Martin<\/td>\n<td>Tilloy-lez-Cambrai<\/td>\n<td>Tilloy-lez-Marchiennes<\/td>\n<td>Trith-Saint-L\u00e9ger<\/td>\n<td>Troisvilles<\/td>\n<\/tr>\n<tr>\n<td>Valenciennes<\/td>\n<td>Vendegies-au-Bois<\/td>\n<td>Vendegies-sur-\u00c9caillon<\/td>\n<td>Verchain-Maugr\u00e9<\/td>\n<td>Vertain<\/td>\n<td>Vicq<\/td>\n<\/tr>\n<tr>\n<td>Viesly<\/td>\n<td>Vieux-Cond\u00e9<\/td>\n<td>Villers-au-Tertre<\/td>\n<td>Villers-en-Cauchie<\/td>\n<td>Villers-Outr\u00e9aux<\/td>\n<td>Villers-Pol<\/td>\n<\/tr>\n<tr>\n<td>Vred<\/td>\n<td>Walincourt-Selvigny<\/td>\n<td>Wallers<\/td>\n<td>Wambaix<\/td>\n<td>Wandignies-Hamage<\/td>\n<td>Wargnies-le-Grand<\/td>\n<\/tr>\n<tr>\n<td>Wargnies-le-Petit<\/td>\n<td>Warlaing<\/td>\n<td>Wasnes-au-Bac<\/td>\n<td>Wavrechain-sous-Denain<\/td>\n<td>Wavrechain-sous-Faulx<\/td>\n<td>Waziers<\/td>\n<\/tr>\n<\/tbody>\n<\/table>\n<p>[\/vc_column_text][\/vc_column][\/vc_row]<\/p>\n","protected":false},"excerpt":{"rendered":"<p>[vc_row][vc_column offset=\u00a0\u00bbvc_hidden-sm vc_hidden-xs\u00a0\u00bb][vc_single_image image=\u00a0\u00bb1319&Prime; img_size=\u00a0\u00bbfull\u00a0\u00bb][\/vc_column][\/vc_row][vc_row][vc_column offset=\u00a0\u00bbvc_hidden-lg vc_hidden-md\u00a0\u00bb][vc_column_text]Les diff\u00e9rentes zones d&rsquo;interventions.[\/vc_column_text][\/vc_column][\/vc_row][vc_row][vc_column][vc_single_image image=\u00a0\u00bb704&Prime; img_size=\u00a0\u00bbfull\u00a0\u00bb][\/vc_column][\/vc_row][vc_row][vc_column][vc_single_image image=\u00a0\u00bb734&Prime; img_size=\u00a0\u00bbmedium\u00a0\u00bb alignment=\u00a0\u00bbcenter\u00a0\u00bb onclick=\u00a0\u00bbimg_link_large\u00a0\u00bb img_link_target=\u00a0\u00bb_blank\u00a0\u00bb][\/vc_column][\/vc_row][vc_row][vc_column][vc_single_image image=\u00a0\u00bb704&Prime; img_size=\u00a0\u00bbfull\u00a0\u00bb][\/vc_column][\/vc_row][vc_row][vc_column][vc_column_text] Nord [\/vc_column_text][\/vc_column][\/vc_row][vc_row][vc_column][vc_column_text] Abancourt Abscon Anhiers Aniche Anneux Anzin Arleux Artres Aubencheul-au-Bac Auberchicourt Aubigny-au-Bac Aubry-du-Hainaut Auby Aulnoy-lez-Valenciennes Avesnes-le-Sec Avesnes-les-Aubert Awoingt Bantigny Beaudignies Beaumont-en-Cambr\u00e9sis Beaurain Beauvois-en-Cambr\u00e9sis Bellaing Billings Bermerain Bertry B\u00e9thencourt Bettrechies Beuvrages B\u00e9villers Bl\u00e9court Bouchain Bousies Bousignies Boussi\u00e8res-en-Cambr\u00e9sis Briastre Brillon Bruay-sur-l&rsquo;Escaut Bruille-lez-Marchiennes Bruille-Saint-Amand Brun\u00e9mont Bry Bugnicourt Busigny Cagnoncles Cambrai Cantaing-sur-Escaut Cantin Capelle Carni\u00e8res Catteni\u00e8res Caudry Caullery Cauroir Ch\u00e2teau-l&rsquo;Abbaye Clary Cond\u00e9-sur-l&rsquo;Escaut Courchelettes Crespin Cr\u00e8vecoeur-sur-l&rsquo;Escaut Croix-Caluyau Cuincy Curgies Cuvillers Dechy Deh\u00e9ries Denain Douai Douchy-les-Mines \u00c9caillon \u00c9lincourt \u00c9merchicourt Erchin Erre Escarmain Escaudain Escaudoeuvres Escautpont Esnes Esquerchin Estourmel Estr\u00e9es Estreux Estrun Eswars Eth Famars F\u00e9chain Fenain F\u00e9rin Flers-en-Escrebieux Flines-l\u00e8s-Mortagne Flines-lez-Raches Fontaine-au-Bois Fontaine-au-Pire Fontaine-Notre-Dame Forest-en-Cambr\u00e9sis Frasnoy Fresnes-sur-Escaut Fressain Fressies Ghissignies Goeulzin Guesnain Gussignies Hamel Hasnon Haspres Haucourt-en-Cambr\u00e9sis Haulchin Haussy Haveluy Haynecourt H\u00e9lesmes Hem-Lenglet Hergnies H\u00e9rin Hon-Hergies Honnechy Hordain Hornaing Houdain-lez-Bavay Inchy Iwuy Jenlain La Flamengrie La Sentinelle Lallaing Lambres-lez-Douai Lauwin-Planque Le Cateau-Cambr\u00e9sis Le Quesnoy Lecelles L\u00e9cluse Les Rues-des-Vignes Lesdain Lewarde Lieu-Saint-Amand Ligny-en-Cambr\u00e9sis Loffre Lourches Maing Malincourt Marchiennes Marcoing Marcq-en-Ostrevent Maresches Maretz Marly Marquette-en-Ostrevant Masni\u00e8res Masny Mastaing Maulde Maurois Millonfosse Monchaux-sur-\u00c9caillon Monchecourt Montay Montigny-en-Cambr\u00e9sis Montigny-en-Ostrevent Montr\u00e9court Mortagne-du-Nord Naves Neuville-en-Avesnois Neuville-Saint-R\u00e9my Neuville-sur-Escaut Neuvilly Niergnies Nivelle Noyelles-sur-Escaut Noyelles-sur-Selle Odomez Oisy Onnaing Orsinval Paillencourt Pecquencourt Petite-For\u00eat Poix-du-Nord Pr\u00e9seau Preux-au-Sart Prouvy Proville Quarouble Qu\u00e9r\u00e9naing Qui\u00e9vrechain Qui\u00e9vy R\u00e2ches Raillencourt-Sainte-Olle Raismes Ramillies Reumont Rieulay Rieux-en-Cambr\u00e9sis Robersart Roeulx Rombies-et-Marchipont Romeries Roost-Warendin Rosult Roucourt Rouvignies Ruesnes Rumegies Rumilly-en-Cambr\u00e9sis Sailly-lez-Cambrai Saint-Amand-les-Eaux Saint-Aubert Saint-Aybert Saint-Benin Saint-Hilaire-lez-Cambrai Saint-Martin-sur-\u00c9caillon Saint-Python Saint-Saulve Saint-Souplet Saint-Vaast-en-Cambr\u00e9sis Saint-Waast Salesches Sancourt Sars-et-Rosi\u00e8res Saultain Saulzoir Sebourg Sepmeries S\u00e9ranvillers-Forenville Sin-le-Noble Solesmes Somain Sommaing Taisni\u00e8res-sur-Hon Thiant Thivencelle Thun-l&rsquo;\u00c9v\u00eaque Thun-Saint-Amand Thun-Saint-Martin Tilloy-lez-Cambrai Tilloy-lez-Marchiennes Trith-Saint-L\u00e9ger Troisvilles Valenciennes Vendegies-au-Bois Vendegies-sur-\u00c9caillon Verchain-Maugr\u00e9 Vertain Vicq Viesly Vieux-Cond\u00e9 Villers-au-Tertre Villers-en-Cauchie Villers-Outr\u00e9aux Villers-Pol Vred Walincourt-Selvigny Wallers Wambaix Wandignies-Hamage Wargnies-le-Grand Wargnies-le-Petit Warlaing Wasnes-au-Bac Wavrechain-sous-Denain Wavrechain-sous-Faulx Waziers [\/vc_column_text][\/vc_column][\/vc_row]<\/p>\n","protected":false},"author":8,"featured_media":0,"parent":0,"menu_order":0,"comment_status":"closed","ping_status":"closed","template":"","meta":{"_genesis_hide_title":false,"_genesis_hide_breadcrumbs":false,"_genesis_hide_singular_image":false,"_genesis_hide_footer_widgets":false,"_genesis_custom_body_class":"","_genesis_custom_post_class":"","_genesis_layout":""},"yoast_head":"<!-- This site is optimized with the Yoast SEO plugin v17.8 - https:\/\/yoast.com\/wordpress\/plugins\/seo\/ -->\n<title>Les zones d&#039;interventions - Courtiers en cr\u00e9dit n\u00e9goci\u00e9 PresseTaux Valenciennes<\/title>\n<meta name=\"description\" content=\"Retrouvez les diff\u00e9rentes zones d&#039;interventions de vos courtiers en cr\u00e9dit n\u00e9goci\u00e9 PresseTaux Valenciennes. Contactez nous d\u00e8s maintenant.\" \/>\n<meta name=\"robots\" content=\"index, follow, max-snippet:-1, max-image-preview:large, max-video-preview:-1\" \/>\n<link rel=\"canonical\" href=\"https:\/\/pressetaux.fr\/valenciennes\/zone-interventions-sm-com\/\" \/>\n<meta property=\"og:locale\" content=\"fr_FR\" \/>\n<meta property=\"og:type\" content=\"article\" \/>\n<meta property=\"og:title\" content=\"Les zones d&#039;interventions - Courtiers en cr\u00e9dit n\u00e9goci\u00e9 PresseTaux Valenciennes\" \/>\n<meta property=\"og:description\" content=\"Retrouvez les diff\u00e9rentes zones d&#039;interventions de vos courtiers en cr\u00e9dit n\u00e9goci\u00e9 PresseTaux Valenciennes. Contactez nous d\u00e8s maintenant.\" \/>\n<meta property=\"og:url\" content=\"https:\/\/pressetaux.fr\/valenciennes\/zone-interventions-sm-com\/\" \/>\n<meta property=\"og:site_name\" content=\"PresseTaux Valenciennes\" \/>\n<meta property=\"article:publisher\" content=\"https:\/\/www.facebook.com\/pressetauxvalenciennes?locale=fr_FR\" \/>\n<meta property=\"article:modified_time\" content=\"2017-02-14T13:34:53+00:00\" \/>\n<meta property=\"og:image\" content=\"https:\/\/pressetaux.fr\/valenciennes\/wp-content\/uploads\/sites\/2\/2020\/11\/LogoPressetaux.png\" \/>\n\t<meta property=\"og:image:width\" content=\"488\" \/>\n\t<meta property=\"og:image:height\" content=\"278\" \/>\n<meta name=\"twitter:label1\" content=\"Dur\u00e9e de lecture estim\u00e9e\" \/>\n\t<meta name=\"twitter:data1\" content=\"2 minutes\" \/>\n<script type=\"application\/ld+json\" class=\"yoast-schema-graph\">{\"@context\":\"https:\/\/schema.org\",\"@graph\":[{\"@type\":\"Organization\",\"@id\":\"https:\/\/pressetaux.fr\/valenciennes\/#organization\",\"name\":\"PresseTaux Valenciennes\",\"url\":\"https:\/\/pressetaux.fr\/valenciennes\/\",\"sameAs\":[\"https:\/\/www.facebook.com\/pressetauxvalenciennes?locale=fr_FR\"],\"logo\":{\"@type\":\"ImageObject\",\"@id\":\"https:\/\/pressetaux.fr\/valenciennes\/#logo\",\"inLanguage\":\"fr-FR\",\"url\":\"https:\/\/pressetaux.fr\/valenciennes\/wp-content\/uploads\/sites\/2\/2020\/11\/LogoPressetaux.png\",\"contentUrl\":\"https:\/\/pressetaux.fr\/valenciennes\/wp-content\/uploads\/sites\/2\/2020\/11\/LogoPressetaux.png\",\"width\":488,\"height\":278,\"caption\":\"PresseTaux Valenciennes\"},\"image\":{\"@id\":\"https:\/\/pressetaux.fr\/valenciennes\/#logo\"}},{\"@type\":\"WebSite\",\"@id\":\"https:\/\/pressetaux.fr\/valenciennes\/#website\",\"url\":\"https:\/\/pressetaux.fr\/valenciennes\/\",\"name\":\"PresseTaux Valenciennes\",\"description\":\"COURTIER EN CREDIT\",\"publisher\":{\"@id\":\"https:\/\/pressetaux.fr\/valenciennes\/#organization\"},\"potentialAction\":[{\"@type\":\"SearchAction\",\"target\":{\"@type\":\"EntryPoint\",\"urlTemplate\":\"https:\/\/pressetaux.fr\/valenciennes\/?s={search_term_string}\"},\"query-input\":\"required name=search_term_string\"}],\"inLanguage\":\"fr-FR\"},{\"@type\":\"WebPage\",\"@id\":\"https:\/\/pressetaux.fr\/valenciennes\/zone-interventions-sm-com\/#webpage\",\"url\":\"https:\/\/pressetaux.fr\/valenciennes\/zone-interventions-sm-com\/\",\"name\":\"Les zones d'interventions - Courtiers en cr\\u00e9dit n\\u00e9goci\\u00e9 PresseTaux Valenciennes\",\"isPartOf\":{\"@id\":\"https:\/\/pressetaux.fr\/valenciennes\/#website\"},\"datePublished\":\"2015-09-29T12:30:28+00:00\",\"dateModified\":\"2017-02-14T13:34:53+00:00\",\"description\":\"Retrouvez les diff\\u00e9rentes zones d'interventions de vos courtiers en cr\\u00e9dit n\\u00e9goci\\u00e9 PresseTaux Valenciennes. Contactez nous d\\u00e8s maintenant.\",\"breadcrumb\":{\"@id\":\"https:\/\/pressetaux.fr\/valenciennes\/zone-interventions-sm-com\/#breadcrumb\"},\"inLanguage\":\"fr-FR\",\"potentialAction\":[{\"@type\":\"ReadAction\",\"target\":[\"https:\/\/pressetaux.fr\/valenciennes\/zone-interventions-sm-com\/\"]}]},{\"@type\":\"BreadcrumbList\",\"@id\":\"https:\/\/pressetaux.fr\/valenciennes\/zone-interventions-sm-com\/#breadcrumb\",\"itemListElement\":[{\"@type\":\"ListItem\",\"position\":1,\"name\":\"Les zones d&rsquo;interventions\"}]}]}<\/script>\n<!-- \/ Yoast SEO plugin. -->","yoast_head_json":{"title":"Les zones d'interventions - Courtiers en cr\u00e9dit n\u00e9goci\u00e9 PresseTaux Valenciennes","description":"Retrouvez les diff\u00e9rentes zones d'interventions de vos courtiers en cr\u00e9dit n\u00e9goci\u00e9 PresseTaux Valenciennes. Contactez nous d\u00e8s maintenant.","robots":{"index":"index","follow":"follow","max-snippet":"max-snippet:-1","max-image-preview":"max-image-preview:large","max-video-preview":"max-video-preview:-1"},"canonical":"https:\/\/pressetaux.fr\/valenciennes\/zone-interventions-sm-com\/","og_locale":"fr_FR","og_type":"article","og_title":"Les zones d'interventions - Courtiers en cr\u00e9dit n\u00e9goci\u00e9 PresseTaux Valenciennes","og_description":"Retrouvez les diff\u00e9rentes zones d'interventions de vos courtiers en cr\u00e9dit n\u00e9goci\u00e9 PresseTaux Valenciennes. Contactez nous d\u00e8s maintenant.","og_url":"https:\/\/pressetaux.fr\/valenciennes\/zone-interventions-sm-com\/","og_site_name":"PresseTaux Valenciennes","article_publisher":"https:\/\/www.facebook.com\/pressetauxvalenciennes?locale=fr_FR","article_modified_time":"2017-02-14T13:34:53+00:00","og_image":[{"width":488,"height":278,"url":"https:\/\/pressetaux.fr\/valenciennes\/wp-content\/uploads\/sites\/2\/2020\/11\/LogoPressetaux.png","type":"image\/png"}],"twitter_misc":{"Dur\u00e9e de lecture estim\u00e9e":"2 minutes"},"schema":{"@context":"https:\/\/schema.org","@graph":[{"@type":"Organization","@id":"https:\/\/pressetaux.fr\/valenciennes\/#organization","name":"PresseTaux Valenciennes","url":"https:\/\/pressetaux.fr\/valenciennes\/","sameAs":["https:\/\/www.facebook.com\/pressetauxvalenciennes?locale=fr_FR"],"logo":{"@type":"ImageObject","@id":"https:\/\/pressetaux.fr\/valenciennes\/#logo","inLanguage":"fr-FR","url":"https:\/\/pressetaux.fr\/valenciennes\/wp-content\/uploads\/sites\/2\/2020\/11\/LogoPressetaux.png","contentUrl":"https:\/\/pressetaux.fr\/valenciennes\/wp-content\/uploads\/sites\/2\/2020\/11\/LogoPressetaux.png","width":488,"height":278,"caption":"PresseTaux Valenciennes"},"image":{"@id":"https:\/\/pressetaux.fr\/valenciennes\/#logo"}},{"@type":"WebSite","@id":"https:\/\/pressetaux.fr\/valenciennes\/#website","url":"https:\/\/pressetaux.fr\/valenciennes\/","name":"PresseTaux Valenciennes","description":"COURTIER EN CREDIT","publisher":{"@id":"https:\/\/pressetaux.fr\/valenciennes\/#organization"},"potentialAction":[{"@type":"SearchAction","target":{"@type":"EntryPoint","urlTemplate":"https:\/\/pressetaux.fr\/valenciennes\/?s={search_term_string}"},"query-input":"required name=search_term_string"}],"inLanguage":"fr-FR"},{"@type":"WebPage","@id":"https:\/\/pressetaux.fr\/valenciennes\/zone-interventions-sm-com\/#webpage","url":"https:\/\/pressetaux.fr\/valenciennes\/zone-interventions-sm-com\/","name":"Les zones d'interventions - Courtiers en cr\u00e9dit n\u00e9goci\u00e9 PresseTaux Valenciennes","isPartOf":{"@id":"https:\/\/pressetaux.fr\/valenciennes\/#website"},"datePublished":"2015-09-29T12:30:28+00:00","dateModified":"2017-02-14T13:34:53+00:00","description":"Retrouvez les diff\u00e9rentes zones d'interventions de vos courtiers en cr\u00e9dit n\u00e9goci\u00e9 PresseTaux Valenciennes. Contactez nous d\u00e8s maintenant.","breadcrumb":{"@id":"https:\/\/pressetaux.fr\/valenciennes\/zone-interventions-sm-com\/#breadcrumb"},"inLanguage":"fr-FR","potentialAction":[{"@type":"ReadAction","target":["https:\/\/pressetaux.fr\/valenciennes\/zone-interventions-sm-com\/"]}]},{"@type":"BreadcrumbList","@id":"https:\/\/pressetaux.fr\/valenciennes\/zone-interventions-sm-com\/#breadcrumb","itemListElement":[{"@type":"ListItem","position":1,"name":"Les zones d&rsquo;interventions"}]}]}},"_links":{"self":[{"href":"https:\/\/pressetaux.fr\/valenciennes\/wp-json\/wp\/v2\/pages\/730"}],"collection":[{"href":"https:\/\/pressetaux.fr\/valenciennes\/wp-json\/wp\/v2\/pages"}],"about":[{"href":"https:\/\/pressetaux.fr\/valenciennes\/wp-json\/wp\/v2\/types\/page"}],"author":[{"embeddable":true,"href":"https:\/\/pressetaux.fr\/valenciennes\/wp-json\/wp\/v2\/users\/8"}],"replies":[{"embeddable":true,"href":"https:\/\/pressetaux.fr\/valenciennes\/wp-json\/wp\/v2\/comments?post=730"}],"version-history":[{"count":0,"href":"https:\/\/pressetaux.fr\/valenciennes\/wp-json\/wp\/v2\/pages\/730\/revisions"}],"wp:attachment":[{"href":"https:\/\/pressetaux.fr\/valenciennes\/wp-json\/wp\/v2\/media?parent=730"}],"curies":[{"name":"wp","href":"https:\/\/api.w.org\/{rel}","templated":true}]}}